t is the remainder when 655*(184/160 + 3/(-4)) is divided by 43?
4
Suppose 3 = 2*r + 15. Let c(o) = -o**2 - 7 - o - 15*o + 4*o. Calculate the remainder when c(r) is divided by 15.
14
Let q(s) = 4*s - 4. What is the remainder when 35 is divided by q(5)?
3
Suppose -j - 4*x = -10, 2*j + 0*x - x - 11 = 0. Let a be ((-5)/3)/(6/(-18)). Let h = j - a. Calculate the remainder when h is divided by 1.
0
What is the remainder when 23 is divided by 5 + -3 + (81/(-9) - -13)?
5
Let n(j) = 22*j**2 + 2*j - 1. What is the remainder when -67*(-1)/1*1 is divided by n(1)?
21
Let d = 1442 + -1437. Suppose -2*b + 19 = 5*i - 16, -4*i = -2*b + 8. What is the remainder when b is divided by d?
0
Let n(s) = -4*s - 28. Let x be n(-8). Suppose 5*z - 13 = x*z. Calculate the remainder when ((-22)/(-4) - 2)*14 is divided by z.
10
Let w = -24 - -23. Let a be (16/(-20))/(w/5). Suppose 0*h = a*h - 5*c - 172, h = -2*c + 43. Calculate the remainder when 83 is divided by h.
40
Let n = 99 - 29. Suppose 0 = -14*v + 9*v + n. Calculate the remainder when 39 is divided by v.
11
Let b = -21 + 39. Suppose b*p - 348 = 6*p. What is the remainder when 81 is divided by p?
23
Let c = -1728 + 1790. What is the remainder when c is divided by 17?
11
Suppose -184 = 19*w - 42*w. Let a(i) = 3*i + 4. What is the remainder when a(6) is divided by w?
6
Let s(n) = n**3 + 13*n**2 - 13*n - 16. Let w be s(-14). Calculate the remainder when 150 is divided by (9/5 - 6/w)*19.
36
Let i = -156 + 169. Calculate the remainder when 21 is divided by i.
8
Suppose 4*j - 2*y = 54, 60 = 3*j + 2*j - 5*y. Calculate the remainder when 177 is divided by j.
12
Suppose -3*j = -4*o + 33 - 122, 0 = -o - 5. Suppose -u = 10 - j. Calculate the remainder when 62 is divided by u.
10
Let x = 67 + -45. Calculate the remainder when x is divided by (5/2)/((-770)/60 - -13).
7
Let a(u) = 11*u**2 - 10*u + u**3 + 2*u**2 + 24*u - 10 + 5*u**2. What is the remainder when a(-17) is divided by -1*-13*1 - -1?
13
Calculate the remainder when 56 is divided by (-290)/(-10) + (4 - 1).
24
Let b = 32 + -7. Let j = 24 + -59. Calculate the remainder when b is divided by (16/(-40))/(1/j).
11
Let w = 54 + -37. Calculate the remainder when -1*6/(-7)*56 is divided by w.
14
Let h(u) = u + 15. Let o be h(-6). Let r(l) = l + 3*l - l**3 + o*l**2 - l - 10 + 0. Calculate the remainder when 49 is divided by r(9).
15
Suppose -25 + 5 = -2*m. Let v = m + 36. Calculate the remainder when v is divided by 16.
14
Suppose -2*g = 3*n - 96, -4*n = 5*g - 10*g + 240. Calculate the remainder when 75 is divided by g.
27
Let f(s) = 15*s - 285. What is the remainder when 202 is divided by f(23)?
22
Let x = -568 + 611. Calculate the remainder when x is divided by 9.
7
Let r = 499 + -437. What is the remainder when 110 is divided by r?
48
Suppose 228 = 4*k + 2*z, -8*k - z = -3*k - 285. Suppose 5*s - 16 - 44 = 0. What is the remainder when k is divided by s?
9
Let v(d) = 8*d**2 - 363*d - 24. Calculate the remainder when v(46) is divided by 27.
17
Calculate the remainder when 96 is divided by (0 + 1)*(31 + -2).
9
Let z be 1 + 2/(-2 + 0). Suppose z = -7*c + 6*c. Suppose c = 4*t - 49 - 15. Calculate the remainder when 46 is divided by t.
14
Let n(t) = 5*t - 2. Let i(d) = -d**3 - 4*d**2 - 4*d. Let h be i(-3). Suppose -y = h - 48. Calculate the remainder when y is divided by n(5).
22
Suppose 20*t - 918 = 3*t. What is the remainder when t is divided by 19?
16
Let n = 492 - 443. Calculate the remainder when 336 is divided by n.
42
Suppose 7*a - 226 = 446. What is the remainder when a is divided by 22?
8
Let x(y) be the second derivative of y**4/12 + 3*y**3/2 + 3*y**2/2 + y. Let u be x(-9). What is the remainder when 29 is divided by 18/3 + (5 - u)?
5
Let a(x) = 2*x**2 - x - 2. Let w = -122 - -114. Calculate the remainder when a(w) is divided by 34.
32
Let w(u) = 9*u + 17. What is the remainder when 219 is divided by w(1)?
11
Let j(i) = 3*i + i**2 - 4*i + 9*i**3 - 4*i**3 + 1. Let v(r) = 3*r**2 - 14*r + 9. Let k be v(4). What is the remainder when 21 is divided by j(k)?
3
Suppose -4*c = 3*u - 382, u + 6*c = 5*c + 129. Calculate the remainder when u is divided by 28.
22
Let z(h) = -38*h - 143. What is the remainder when z(-8) is divided by 65?
31
Suppose r - 5*r = 2*l - 132, 2*r - 294 = -4*l. What is the remainder when l is divided by (-18)/72 - (-106)/8 - 0?
11
Let i be (-263)/4 + (-10 + 6)/16. Let u = i - -83. What is the remainder when 82 is divided by u?
14
Let g(z) = 170*z - 361. What is the remainder when g(11) is divided by 36?
33
Suppose -4*l - 71 - 1 = 0. Let x = l - -19. What is the remainder when x is divided by 1?
0
Let d be 2/(-4) - 18/(-12). Let t(c) = -22*c. Let y be t(d). Calculate the remainder when 29 is divided by y/(-3) - (-4)/6.
5
Let u(i) = i**2 + 4*i - 3. What is the remainder when (6325/(-30))/(-5) - 18/108 is divided by u(-6)?
6
Let k(m) = -8*m - 22. Calculate the remainder when k(-5) is divided by 1.
0
What is the remainder when 3 is divided by 99/45 - (-2)/(-10)?
1
Let q be (1 + 0)/2*-6. Let y(n) = 13*n - 3. Let i be y(q). Calculate the remainder when (-1498)/i + (-2)/3 is divided by 19.
16
Suppose -2*g + 4*n = -6*g + 240, 5*g = 4*n + 273. Suppose g = w + 4*u + 7, -3*u + 123 = 3*w. What is the remainder when 71 is divided by w?
33
Let u = -31 - -35. Calculate the remainder when u is divided by -1*4 + 132/22.
0
Suppose 4*x + 0*d - 3*d = 124, -2*d - 31 = -x. Suppose 2*t - 14 = 2*m, m - 5 = 55*t - 57*t. What is the remainder when x is divided by t?
3
Suppose v + 12 = 2*c, -c - 8*v + 5*v - 8 = 0. What is the remainder when 46 is divided by c?
2
Let k(m) = -2*m**3 + 26*m**2 - 9*m. Calculate the remainder when k(5) is divided by 15.
10
Let g = -29 + 34. Suppose g*q + 0*q = 5. What is the remainder when 3 is divided by q?
0
Suppose g - 187 = i + i, -899 = -5*g + i. Calculate the remainder when g is divided by 12.
11
Suppose j + 65 = 6*j. Calculate the remainder when 68 is divided by j/(-26) - (-39)/2.
11
Suppose -5*q + 137 = -4*p - 174, 2*q = -2*p + 128. What is the remainder when 251 is divided by q?
62
Let g = 765 + 1392. What is the remainder when g is divided by 20?
17
Suppose 0 = -4*y + 4*j + 44 - 16, 0 = 2*j - 4. Suppose 24*a - 5*a - 38 = 0. Calculate the remainder when y is divided by a.
1
Let w(t) = -t**2 + 2*t + 24. Let m = 27 - 21. Suppose 25 = 4*g - 5*o, o - 1 + m = g. Calculate the remainder when 94 is divided by w(g).
22
Suppose -4*r = -2*p + r + 147, -2*r - 226 = -3*p. Let a(q) = -2*q**3 + 28*q**2 + 4*q - 30. What is the remainder when p is divided by a(14)?
24
Let z = -40 + 76. Suppose v = -v + z. Calculate the remainder when v is divided by 9.
0
Let h be (0 - 6)/2 + 20. Suppose 5*r + 4*q - 29 = 0, 2*r - 2*q = 5*r - h. Suppose -39 = -0*k - 3*k. Calculate the remainder when k is divided by r.
3
Suppose -7*s = -10*s + 9. Suppose 20 = -4*f, 5*d - 20 = -0*f - s*f. What is the remainder when d is divided by 2?
1
Suppose b - 6*b - 5 = 0. Calculate the remainder when (1*-22 - 2)*b is divided by 7.
3
Let s = -7 - -5. What is the remainder when ((-72)/(-40))/(s/(-10)) is divided by 3?
0
What is the remainder when ((-328)/(-10))/((-3)/(-15)) is divided by 71?
22
Let p = -7 + 5. What is the remainder when 4 + (-382 + p)/(-2) is divided by 33?
31
Let k be (128/6)/((-2)/(-3)). Let h = k - -1. Calculate the remainder when h is divided by 17.
16
Let o(g) = 2*g**2 - 16*g - 21. Suppose -2*m = -m - 72. Calculate the remainder when m is divided by o(10).
15
Let r = 12 + -9. Suppose -4*g - g - 4*c + 2 = 0, 2*g + 13 = r*c. What is the remainder when (-3 - g - -2)*9 is divided by 5?
4
Let w = -33 + 53. Calculate the remainder when 315 is divided by w.
15
Suppose 0 = t + 4, -t = -v - 3*v + 160. Suppose g = -0*g + 14. Calculate the remainder when v is divided by g.
11
Let p(j) = -19*j. Let a = 120 + 147. Suppose 6*u + 45 = a. Calculate the remainder when u is divided by p(-1).
18
Calculate the remainder when 36 is divided by (4/10)/((-7)/(-350)).
16
Suppose 3*z - 145 = -2*z. Let o be (-47)/(-15) + (-20)/150. Let h(u) = 3*u**2 - 2*u - 6. What is the remainder when z is divided by h(o)?
14
What is the remainder when 141 is divided by (32/(-24))/(-4*(-3)/(-324))?
33
Let g(a) = a**3 + 4*a**2 - 8*a + 4. Let o be g(-8). Let d = -132 - o. What is the remainder when d is divided by 3